 remainder when 295 is divided by o.
73
Let m = -39 + 44. Suppose 0 = -9*z + m*z + 4. Calculate the remainder when 3 is divided by z.
0
Suppose 413 + 67 = 40*h. What is the remainder when (20/(-6))/((-1)/9) is divided by h?
6
Let f(j) = j**2 - j. Suppose 4*g = g + 30. What is the remainder when g is divided by f(3)?
4
Let z(l) = 12*l + 4. Suppose -m - 2*m = -n - 51, 17 = m + 4*n. Let f(p) = 3*p - 40. Calculate the remainder when z(6) is divided by f(m).
10
Suppose -16*o = -10*o - 330. What is the remainder when o is divided by 14?
13
Let f = 1243 + -637. What is the remainder when f is divided by 29?
26
Suppose 5*v = -10*a + 13*a - 649, 4*a - v - 871 = 0. Calculate the remainder when a is divided by 28.
22
Let d = 26 - 56. Let z = -11 - d. Calculate the remainder when z is divided by 10.
9
Let v(m) = 3*m**2 - 3*m. Suppose -n - 37*h + 3 = -35*h, 4*n + 2*h = 42. What is the remainder when v(4) is divided by n?
10
Suppose -2*s = -3*d - 3, 0*s - 4*s - d = -41. Suppose 2*v + 4*n - 84 = 34, -2*v + 2*n + 124 = 0. Let z = v - 59. Calculate the remainder when s is divided by z.
1
Let r = -164 + 177. What is the remainder when 27 is divided by r?
1
Suppose 5*b - 11 = 6*b - 3*p, b - 4 = -2*p. What is the remainder when (-1165)/(-35) + (-4)/14 - b is divided by 19?
16
Suppose 3*o - o - 3*k - 26 = 0, 0 = 5*o + 2*k - 103. What is the remainder when o is divided by (-1806 - -1821) + ((-28)/6 - 2/6)?
9
Suppose 60*u + 476 = 64*u. Let m = u - 115. Suppose -3*n - 2*h + 7 = -7, 5*n = 4*h - 6. What is the remainder when m is divided by n?
0
Let q(c) = -c**3 - 5*c**2 + 2*c - 4. Let i be q(-6). Suppose -5*g = -g - i. Let v(m) = 2*m + 7. What is the remainder when v(g) is divided by 10?
7
Calculate the remainder when 1/(4 - 0) + (-13040)/(-64) is divided by 21.
15
Let s(k) = -2*k + 2. Let v be (8/12)/2*-6. Let q be s(v). Suppose 36 = c - q. Calculate the remainder when c is divided by 11.
9
Let z = 11 - -15. Suppose 30*q = 131 + 79. Calculate the remainder when z is divided by q.
5
Let c(u) be the first derivative of 2*u**3/3 - 3*u**2/2 - 7*u + 16. Calculate the remainder when 139 is divided by c(-3).
19
Let t = 111 - -3. Suppose -5*h - 4*d = -7*d - 142, -3*d = -3. Calculate the remainder when t is divided by h.
27
Let j(a) = 2*a**2 - 3*a - 4. Let f be j(3). Suppose -101 = -f*m + 4. What is the remainder when m is divided by (-6 - -15 - 4) + (6 - -1)?
9
Let w(r) = -3*r**2 + 17*r - 8. Let i be w(5). Suppose 0 = i*g - 7*g + 340. Calculate the remainder when g is divided by 23.
22
Let y = 1908 - 424. Calculate the remainder when y is divided by 11.
10
Let d = -340 + 201. Let c = -133 - d. Suppose -4*k + 3*z + 52 = 0, 28 = -5*k - z + 112. Calculate the remainder when k is divided by c.
4
Suppose 2*r - 428 = -0*r. Calculate the remainder when r is divided by ((-18)/(-24))/((10/(-96))/(-5)).
34
Let b = 511 + -360. Calculate the remainder when b is divided by 19.
18
Let x = 12 + 18. Suppose 197 + 228 = 17*i. Suppose 5*h = -i, 4*n + 5*h - 284 = 159. Calculate the remainder when n is divided by x.
27
Let h = 146 + -94. Let m(u) = -u**3 + u**2 + 2*u - 2. Let a be m(2). What is the remainder when h is divided by a/52*4 - (-353)/13?
25
Suppose -12 = -5*c - 2. Let z be c/6 - (-42)/9. Suppose 3*b + b - 25 = -3*y, -z*b - 30 = -5*y. Calculate the remainder when 19 is divided by y.
5
Let u(s) = -2*s**2 - 14*s + 13. Let o be u(-8). Let t = -1 - o. Calculate the remainder when t is divided by 1.
0
Let q(h) = h**3 - h**2 + 2*h + 117. What is the remainder when q(0) is divided by 15?
12
Let p(z) = 7 - 19 + 11 - z**2 + 3 - 9*z. Let a be p(-9). Suppose 24 = 3*k - y, a*k - 27 = -k + 2*y. What is the remainder when k is divided by 2?
1
Let s be (-326)/9 - 2/(-9). Let f = s + 64. What is the remainder when f is divided by 6?
4
Let i = -10 + 2. Let b be (-1)/(-2)*(i - -124). Suppose -3*h + b - 4 = 0. What is the remainder when 34 is divided by h?
16
Suppose -11*n - 52 + 404 = 0. Let m = -30 + n. Suppose -5*j = 3*i - 37, -4*i + 21 = -0*i + j. What is the remainder when i is divided by m?
0
Let h = -1843 - -1898. What is the remainder when 201 is divided by h?
36
Let z = 4562 - 4548. Let r = -100 + 66. Let s = 21 - r. What is the remainder when s is divided by z?
13
Suppose -4*u + 59 = -5*z - 16, -5*u - 3*z + 103 = 0. Calculate the remainder when 636 is divided by u.
16
Suppose 2*d + 5*r - 45 = 0, -5*d - r = r - 81. Calculate the remainder when 29 is divided by d.
14
Let h(w) = 2*w**2. Let q be h(-2). Suppose -6 = u - 4*t + t, -4*t = -q. Let o(b) = -b**3 + 20. Calculate the remainder when 77 is divided by o(u).
17
Let t(o) = 11*o**2 - 30*o - 124. Calculate the remainder when t(-5) is divided by 76.
73
Let i = 1017 - 815. Calculate the remainder when i is divided by 64.
10
What is the remainder when (-16)/(-72) - (-358)/9 is divided by 4?
0
Let x = 103 - 101. Suppose 0*r - 51 = -r + 5*s, 2*r = -x*s + 138. Suppose -3*h - 2*z - 21 = -82, 2*z = -8. What is the remainder when r is divided by h?
20
What is the remainder when 138 is divided by (-13)/((-5)/60*3)?
34
Let g(r) = r + 10. Let b be g(-7). Suppose 0 = b*d - 23 - 1. Suppose 5*n - d = 17. Calculate the remainder when 8 is divided by n.
3
Suppose -2*z + 188 = -4*h, 2*z - 56*h + 51*h - 187 = 0. What is the remainder when 283 is divided by z?
91
Suppose 208 = -5*d + 718. Suppose 0 = m + 3*m - 5*x - 172, 3*x = -3*m + d. What is the remainder when m is divided by 10?
8
Let t(w) = -w + 5. Let p be t(3). Let v(n) = 2*n + 60*n**2 - 14*n**2 - 1 + 3*n**p. What is the remainder when v(1) is divided by 17?
16
Suppose 0 = -2*m + m + h + 16, 48 = 2*m + 2*h. Suppose -19*y + 5*y = -154. What is the remainder when m is divided by y?
9
Let z = 4 - 3. Let r(t) = 3*t + 3. Let c be r(-18). Let l = c - -52. What is the remainder when z is divided by l?
0
Suppose 0 = 4*k - 9 - 7. Suppose -3*m = -k*t - 0*t - 212, 3*t = -5*m + 305. Calculate the remainder when m is divided by ((-22)/5)/(1/(-5)).
20
Let v be (-1)/(-2)*-2 + -6. Let w(q) = -4*q - 7. What is the remainder when 44 - (-5 + 8 + 1) is divided by w(v)?
19
Let f(j) = -2 + 4*j**2 + 0*j**3 - 5*j + j + 4*j**3 - 3*j**3. Calculate the remainder when f(-4) is divided by 3.
2
Let w = 8 + -11. Let g(c) = 2*c**2 - 2*c - 1. Let x be g(3). Let m = x - w. What is the remainder when m is divided by 8?
6
Suppose -4*f = -x + 305, 5*f - 276 - 29 = -x. Calculate the remainder when x is divided by 105.
95
Let x(m) = 2 - 4 + 1 - 3 - 16*m. Let g be x(-2). Suppose -5*w - g = -88. What is the remainder when w is divided by 7?
5
Let u = 5 + -1. Suppose 6 = -p - 2*p, n = -u*p + 52. Calculate the remainder when n is divided by 5/25 - ((-447)/15 - 1).
29
Suppose -o - 196 = -15*o. Suppose 18 = -13*u + o*u. What is the remainder when 83 is divided by u?
11
Let j = -4 + 5. Let y = j - -28. Calculate the remainder when 113 is divided by y.
26
Let k(v) = -24*v**3 + v**2 + 4*v + 3. Calculate the remainder when k(-1) is divided by 3.
0
Let t = -129 - -204. Calculate the remainder when t is divided by 4.
3
Let a(b) = -3*b**3 - 35*b**2 - 25*b - 4. Let m(n) = -1 + 2 - n**3 + 4*n + 5*n - 4*n**2 + n**2. What is the remainder when m(-6) is divided by a(-11)?
26
Let g(h) = h**2 + 20*h - 53. What is the remainder when 100 is divided by g(-23)?
4
Let n(v) = -3*v - 2*v + 11*v**2 - v**3 - 2*v + 5 - 2. Suppose 6*q - q - 50 = 0. What is the remainder when n(q) is divided by 17?
16
Suppose s + 0 = 17. Let r(q) = -28*q - 114. Calculate the remainder when r(-7) is divided by s.
14
Let i(o) = -o**3 - 9*o**2 - 4*o + 13. Let c(k) = k**3 + 10*k**2 + 3*k - 12. Let f(a) = 6*c(a) + 5*i(a). Calculate the remainder when 91 is divided by f(-15).
22
Suppose 6*p = 948 - 198. Calculate the remainder when p is divided by 16.
13
Suppose -104 = -3*u - 8*d + 10*d, 0 = -d - 4. Calculate the remainder when 118 is divided by u.
22
Let k = 11 - 7. Suppose -2*l = -k - 4. Suppose l*w = 5*w - 19. What is the remainder when 54 is divided by w?
16
Let v(l) = -l**3 - 18*l**2 - 5*l - 12. Let d be 5*((-165)/25 + 3). Calculate the remainder when v(d) is divided by 27.
24
Suppose -203 = 3141*v - 3148*v. What is the remainder when 256 is divided by v?
24
Suppose -2*k = 12*k - 1358. Calculate the remainder when k is divided by 33 + (0/2)/1.
31
Let g(a) = -a**2 - 7*a + 136. Calculate the 